5*i + 5. What are the prime factors of b?
41
Let u(j) = 20 + 13 - 93*j**2 - 38*j + 2*j**3 - 10 + 0*j**3. List the prime factors of u(47).
2, 223
Suppose -4*j + 50554 = 3*s - 119244, 5*j - 14*s = 212283. What are the prime factors of j?
42451
Let o(c) = 51*c - 5. Let m be o(1). Let d = m + -13. Suppose g - d = f - 0*f, -4*g = f - 152. List the prime factors of g.
37
Suppose p + 91784 = 4*k - 3*p, 4*p + 68840 = 3*k. What are the prime factors of k?
2, 3, 239
Let u(j) = 2*j**3 - 4*j**2 + 4*j - 3. Let n = 48 - 46. Let q be u(n). Suppose -2*d + q*d = 351. List the prime factors of d.
3, 13
Suppose -5*f + 17619 - 3039 = 0. Suppose 20*h = 2*h + f. List the prime factors of h.
2, 3
Suppose -p + 3556 = 4*c, -p + 3584 = -8*c + 5*c. What are the prime factors of p?
2, 19, 47
Let f = 41 + 91. Suppose -d + 347 = -f. List the prime factors of d.
479
Let t be (-16)/(-5) + 156/195. What are the prime factors of 0 + -3 + t*229?
11, 83
Let w(x) = 10*x**2 - 2*x. Let n be w(1). List the prime factors of (-4280)/(-35) - -5*n/(-140).
2, 61
Suppose -4800 = 3*j - 18*j. Let c = 119 + j. List the prime factors of c.
439
Let v(m) = 9*m**2 - 125*m + 7. List the prime factors of v(15).
157
Let a(d) = 423*d - 2533. Let f be a(6). Let b(l) = -11*l - 7. Let n be b(-6). Suppose -6*o + f*o + n = 0. What are the prime factors of o?
59
Suppose 13*k = 10*k + 2*r + 2, k = -2*r + 14. Suppose 2*t = t - k*b + 108, -t = -b - 83. What are the prime factors of t?
2, 11
Suppose 20*u = 230010 + 49810. What are the prime factors of u?
17, 823
Let r(x) = 3*x**3 - 212*x**2 + 101*x - 237. List the prime factors of r(72).
3, 9257
Let r be (-28)/84 - (-16)/3. Suppose -2*l + 0*l + 27 = 5*p, 22 = r*p - 3*l. What are the prime factors of p?
5
Let l = 2527 + 16974. What are the prime factors of l?
19501
Let g(o) = -295*o**2 + 5*o + 4. Suppose 2 = -19*z + 17*z. Let d be g(z). What are the prime factors of (d/10)/((-5)/50)?
2, 37
Let t = -69 - -62. Let m(z) = -3*z**3 - 10*z**2 - 1. What are the prime factors of m(t)?
2, 269
Let n(y) = 3*y + 78. Let i be n(-25). Suppose 0*a = -i*a - 4*h + 36, -2*h = -a + 2. Let r(g) = 41*g - 64. List the prime factors of r(a).
2, 3, 11
Let u(p) = -3*p + 17. Let x(n) = n**2 - 13*n - 16. Let w = 42 + -29. Let y be x(w). What are the prime factors of u(y)?
5, 13
Suppose 0 = 4*q - 0*q + 248. Let m = 66 + q. Suppose 2*f - 194 = m*n, -2*n + 85 = -0*f + f. List the prime factors of f.
7, 13
Let h(f) = -f**2 + 35*f - 17. Let v be h(30). What are the prime factors of (-1)/2*6 + v?
2, 5, 13
Let d = -42267 + 70106. List the prime factors of d.
7, 41, 97
Suppose 5*y - 4*c + 47 = 0, 0 = -3*y + 17*c - 20*c - 12. List the prime factors of 5 - -1*(618 + 3 + y).
619
Suppose -281600 = -78*d + 28*d. What are the prime factors of d?
2, 11
Let h = -10804 - -21812. List the prime factors of h.
2, 43
Suppose 0 = -x + 11 - 2. Suppose -x*s + 4085 = 1061. What are the prime factors of s?
2, 3, 7
Suppose 2937 - 16057 = -10*g. List the prime factors of g.
2, 41
Let g be 274/(3 + -5 - -4). Suppose -133*c = -g*c - 70460. What are the prime factors of (-1)/(-6) - c/78?
2, 113
List the prime factors of (-846)/72 + 12 + (0 - 148726/(-8)).
3, 6197
Let x(q) be the third derivative of 163*q**4/6 + 5*q**3/6 - 91*q**2 - 1. What are the prime factors of x(1)?
3, 73
Let h(f) = 555*f + 1267. What are the prime factors of h(8)?
13, 439
List the prime factors of ((-222)/(-18))/((-16)/(-4224)).
2, 11, 37
List the prime factors of (-2696996)/(-50) + (-1208)/(-100) + (-9 - 3).
2, 3, 5, 29, 31
Let c = 354 + -234. List the prime factors of 2 - (21/2)/((-6)/c).
2, 53
Let a = 53797 - -42541. What are the prime factors of a?
2, 11, 29, 151
Let h = 36680 + -23766. What are the prime factors of h?
2, 11, 587
Let y(n) = n**2 + 6*n - 19. Let l be y(-8). Let d be (-213)/l + -1 + -4 + 6. Let m = -21 + d. What are the prime factors of m?
3, 17
Let h(v) = 5*v**2 - 7*v - 47. Let o be h(-6). Suppose -168*l - 448 = -o*l. List the prime factors of l.
2
Let x(v) = -3*v + 66. Let j be x(16). Let g be (-12)/j*30/(-4). Suppose g*z - 465 = -4*r - 108, 0 = 2*z - 2*r - 132. What are the prime factors of z?
3, 23
Suppose -49*p + 124*p = 23*p + 1219816. List the prime factors of p.
2, 37, 317
Let y = 36595 + -17372. What are the prime factors of y?
47, 409
Suppose 5*a + 4*m - 54 + 12 = 0, a = 5*m + 20. Suppose a*f = -6*f + 14208. List the prime factors of f.
2, 3, 37
Let l = 1916 + -1914. Suppose -2*k = -4*s + 322, -4*s = 5*k - 85 - 258. Suppose -2*m + s + 138 = 3*b, -l*b + 432 = 4*m. List the prime factors of m.
107
Let o(r) = 4*r**2 - 10. Let y be o(-2). Suppose 4*a = -5*l + 744, y*l + 374 = 2*a + 9*l. What are the prime factors of a?
181
Let y(t) = 4*t**3 - t**2 - 3*t - 4. Let z be y(-3). What are the prime factors of (1 - 9/1)/(28/z)?
2
Suppose -1141 = 4*h + 455. What are the prime factors of 6319/21 + (-38)/h?
7, 43
Let s(d) = -2*d**3 - 3*d**2 - d. Let q be s(-1). Suppose q = 18*p - 13*p. Suppose 2*g + 18 - 204 = p. List the prime factors of g.
3, 31
Suppose -5*x - 10 = 0, 3*x = -3*v + 7*x + 20. Suppose 0 = -v*j - 201 + 957. What are the prime factors of j?
3, 7
Let k(r) = -459*r + 477. Let z(y) = -66*y + 68. Let m(b) = -5*k(b) + 36*z(b). List the prime factors of m(-3).
2, 3, 17
Let k(a) = 9*a**3 + 6*a**2 - 11*a + 126. What are the prime factors of k(6)?
2, 3, 5, 37
Suppose -5*i = 5*a - 37610, 4*i = -0*i + 2*a + 30070. What are the prime factors of i?
73, 103
List the prime factors of (644/70)/((-4)/(-370)) - 6.
5, 13
Let h(f) = 33*f**2 - 12*f + 39. Let w be h(9). Suppose 3*s + 168 = w. Suppose 16*k - 9*k = s. What are the prime factors of k?
2, 29
List the prime factors of (-24)/9 - 14419718/(-354).
3, 13577
List the prime factors of ((-174628)/(-14))/(994/3479).
149, 293
Let f(x) = x**3 - 14*x**2 + 29*x - 57. Let u be f(12). Suppose -3227 = -5*b - 4*q, -u*b - 11*q = -9*q - 1937. List the prime factors of b.
647
Let q = -4721 + 5209. What are the prime factors of q?
2, 61
Let d be (-406)/(-105) + (-4)/(-30). Let k be (75/(-18) + d)*-6. List the prime factors of 630/36 - k/2.
17
Let m be (-8 - 4)/6 + 6782. Suppose 20*i + 180 - m = 0. What are the prime factors of i?
2, 3, 5, 11
Let v(u) = -u**3 - 11*u**2 - 20*u - 17. Let n be v(-9). List the prime factors of 1088/(-24)*-15 + (1 - n).
2, 5, 17
Suppose 3*s + 2*g = 7614, 5*s - 5464 = -2*g + 7230. Suppose -1756 - s = -6*z. What are the prime factors of z?
2, 179
Let l = 0 - -2. Let v(n) = 7*n**3 + n**2 + n + 3. Let s(i) = 14*i**3 + i**2 + 4*i + 5. Let q(g) = -2*s(g) + 5*v(g). What are the prime factors of q(l)?
67
Suppose -f = 5*n - 14076, -2*n - 28212 = -67*f + 65*f. What are the prime factors of f?
59, 239
Let l(k) be the third derivative of -k**5/60 + k**4/24 + 52*k**3/3 + 161*k**2. Let f be (-3)/6*(2 + -2). What are the prime factors of l(f)?
2, 13
Let m(w) = 35*w + 76. Let v(u) = 17*u + 38. Let j(t) = 4*m(t) - 7*v(t). Let y be j(15). Suppose 5*o - 243 = 4*r + y, -4*r = 16. What are the prime factors of o?
2, 29
Suppose -j - 59 = -m, 6*j + 103 = 2*m + j. Suppose 0 = -462*s + 474*s - 1128. Let r = s + m. List the prime factors of r.
2, 79
Suppose -5*o + 144905 = -9*b + 7*b, 2*b + 10 = 0. What are the prime factors of o?
28979
Let p be (((-168)/10)/(-2))/(12/(-40)). Let w = p + 468. What are the prime factors of w?
2, 5, 11
Suppose 0 = 99*b - 704411 - 962254. What are the prime factors of b?
5, 7, 13, 37
Suppose 2*r - g = -10 + 3, 0 = 4*r + 2*g + 42. Let t(u) be the first derivative of u**3 - 7*u**2 - 3*u - 2. What are the prime factors of t(r)?
2, 11
Suppose -14*m - 35 = -9*m. Let s(j) = 17*j**2 - 5*j - 7. List the prime factors of s(m).
3, 7, 41
Let o = 14767 - 5306. What are the prime factors of o?
9461
Suppose 18*j = -3*r + 42456, 4*j - 9440 = -2*r + 4*r. What are the prime factors of j?
7, 337
Let s = 10085 - -33269. List the prime factors of s.
2, 53, 409
What are the prime factors of (-399020)/(-30) + 72/54?
2, 3, 739
Let b(s) be the second derivative of -s**5/20 + 5*s**4/4 - s**3/2 + 6*s**2 - 9*s. Let g be b(15). Let c = -13 - g. What are the prime factors of c?
2, 5
Let x be ((-12)/(-2) - 0)/(-2) - -18. What are the prime factors of 4/6 + -28*(-50)/x?
2, 47
Suppose -2*h + 640 = 18*h. Suppose 24*z + 200 = h*z. List the prime factors of z.
5
Let x = 25512 - 21958. List the